{"id":1446,"date":"2021-03-01T16:48:27","date_gmt":"2021-03-01T15:48:27","guid":{"rendered":"https:\/\/rkjh.se\/en\/?page_id=1446"},"modified":"2021-03-01T16:52:11","modified_gmt":"2021-03-01T15:52:11","slug":"business-leaders","status":"publish","type":"page","link":"https:\/\/rkjh.se\/en\/business-leaders\/","title":{"rendered":"Business Leaders"},"content":{"rendered":"<p>[et_pb_section fb_built=&#8221;1&#8243; fullwidth=&#8221;on&#8221; _builder_version=&#8221;4.7.3&#8243; _module_preset=&#8221;default&#8221; custom_margin=&#8221;0px||0px||false|false&#8221; custom_padding=&#8221;0px||0px||false|false&#8221;][et_pb_fullwidth_image src=&#8221;https:\/\/rkjh.se\/en\/wp-content\/uploads\/sites\/2\/2021\/02\/kkkkkk-1.jpg&#8221; title_text=&#8221;kkkkkk&#8221; _builder_version=&#8221;4.9.0&#8243; _module_preset=&#8221;default&#8221; custom_margin=&#8221;0px||0px||false|false&#8221; custom_padding=&#8221;0px||0px||false|false&#8221;][\/et_pb_fullwidth_image][\/et_pb_section][et_pb_section fb_built=&#8221;1&#8243; admin_label=&#8221;Ingress&#8221; _builder_version=&#8221;4.7.3&#8243; _module_preset=&#8221;default&#8221; background_enable_color=&#8221;off&#8221; custom_margin=&#8221;0px||0px||false|false&#8221; custom_padding=&#8221;0px||0px||false|false&#8221;][et_pb_row _builder_version=&#8221;4.7.3&#8243; _module_preset=&#8221;default&#8221; background_color=&#8221;#E52B38&#8243; width=&#8221;100%&#8221; max_width=&#8221;100%&#8221;][et_pb_column type=&#8221;4_4&#8243; _builder_version=&#8221;4.7.3&#8243; _module_preset=&#8221;default&#8221;][et_pb_blurb title=&#8221;Business Leaders about the Future&#8221; content_max_width=&#8221;80%&#8221; _builder_version=&#8221;4.9.0&#8243; _module_preset=&#8221;default&#8221; header_level=&#8221;h1&#8243; header_text_align=&#8221;center&#8221; header_text_color=&#8221;#ffffff&#8221; header_font_size=&#8221;44px&#8221; body_text_align=&#8221;center&#8221; body_text_color=&#8221;#ffffff&#8221; body_font_size=&#8221;18px&#8221; background_enable_color=&#8221;off&#8221; max_width=&#8221;1080px&#8221; custom_margin=&#8221;|auto||auto|false|false&#8221; hover_enabled=&#8221;0&#8243; sticky_enabled=&#8221;0&#8243;][\/et_pb_blurb][\/et_pb_column][\/et_pb_row][\/et_pb_section][et_pb_section fb_built=&#8221;1&#8243; _builder_version=&#8221;4.9.0&#8243; background_color=&#8221;#cccccc&#8221;][et_pb_row column_structure=&#8221;1_2,1_2&#8243; _builder_version=&#8221;4.9.0&#8243; background_enable_color=&#8221;off&#8221; background_size=&#8221;initial&#8221; background_position=&#8221;top_left&#8221; background_repeat=&#8221;repeat&#8221;][et_pb_column type=&#8221;1_2&#8243; _builder_version=&#8221;3.25&#8243; custom_padding=&#8221;|||&#8221; custom_padding__hover=&#8221;|||&#8221;][et_pb_image src=&#8221;https:\/\/rkjh.se\/en\/wp-content\/uploads\/sites\/2\/2021\/02\/shutterstock_1165928134.jpg&#8221; title_text=&#8221;shutterstock_1165928134&#8243; force_fullwidth=&#8221;on&#8221; _builder_version=&#8221;4.9.0&#8243; _module_preset=&#8221;default&#8221;][\/et_pb_image][\/et_pb_column][et_pb_column type=&#8221;1_2&#8243; _builder_version=&#8221;3.25&#8243; custom_padding=&#8221;|||&#8221; custom_padding__hover=&#8221;|||&#8221;][et_pb_text _builder_version=&#8221;4.9.0&#8243; _module_preset=&#8221;default&#8221; custom_padding=&#8221;15px||20px||false|false&#8221; link_option_url=&#8221;https:\/\/rkjh.se\/en\/event\/&#8221;]<\/p>\n<p><strong>Framtidsutsikterna f\u00f6r v\u00e4rldsekonomin och den egna verksamheten.<\/strong><\/p>\n<p>Vi befinner oss i en tid d\u00e5 det r\u00e5der os\u00e4kerhet om ekonomisk utveckling och tillv\u00e4xt. Hur ser f\u00f6retagsledarna p\u00e5 det ekonomiska l\u00e4get fram\u00f6ver? 72 procent av de svenska vd:arna \u00e4r pessimistiska i sin syn p\u00e5 v\u00e4rldsekonomins utveckling. Samtidigt \u00e4r det lika m\u00e5nga av de svenska f\u00f6retagsledarna som ser \u00f6kade int\u00e4kter i det egna bolaget under det kommande \u00e5ret.<\/p>\n<p>[\/et_pb_text][\/et_pb_column][\/et_pb_row][\/et_pb_section][et_pb_section fb_built=&#8221;1&#8243; _builder_version=&#8221;4.9.0&#8243; background_enable_color=&#8221;off&#8221;][et_pb_row column_structure=&#8221;1_2,1_2&#8243; _builder_version=&#8221;4.9.0&#8243; background_enable_color=&#8221;off&#8221; background_size=&#8221;initial&#8221; background_position=&#8221;top_left&#8221; background_repeat=&#8221;repeat&#8221;][et_pb_column type=&#8221;1_2&#8243; _builder_version=&#8221;3.25&#8243; custom_padding=&#8221;|||&#8221; custom_padding__hover=&#8221;|||&#8221;][et_pb_text _builder_version=&#8221;4.9.0&#8243; _module_preset=&#8221;default&#8221; custom_padding=&#8221;15px||20px||false|false&#8221; link_option_url=&#8221;https:\/\/rkjh.se\/en\/event\/&#8221;]<\/p>\n<p><strong>Tillv\u00e4xtresan- mer n\u00e4ra \u00e4n fj\u00e4rran<\/strong><\/p>\n<p>Verksamhetsutveckling hamnar i fokus n\u00e4r f\u00f6retagsledarna anger de viktigaste aktiviteterna f\u00f6r tillv\u00e4xt. N\u00e4r det g\u00e4ller nyanst\u00e4llningar \u00e4r svenska\u00a0 f\u00f6retagsledare mer f\u00f6rsiktiga \u00e4n kollegor i andra l\u00e4nder. 30 procent signalerar en \u00f6kning av antalet medarbetare under det kommade \u00e5ret, vilket kan j\u00e4mf\u00f6ras med det globala snittet p\u00e5 49 procent.\u00a0<\/p>\n<p>&nbsp;<\/p>\n<p>[\/et_pb_text][\/et_pb_column][et_pb_column type=&#8221;1_2&#8243; _builder_version=&#8221;3.25&#8243; custom_padding=&#8221;|||&#8221; custom_padding__hover=&#8221;|||&#8221;][et_pb_image src=&#8221;https:\/\/rkjh.se\/en\/wp-content\/uploads\/sites\/2\/2021\/02\/AdobeStock_204070496-800&#215;533-1.jpeg&#8221; title_text=&#8221;AdobeStock_204070496-800&#215;533&#8243; force_fullwidth=&#8221;on&#8221; _builder_version=&#8221;4.9.0&#8243; _module_preset=&#8221;default&#8221;][\/et_pb_image][\/et_pb_column][\/et_pb_row][\/et_pb_section]<\/p>\n","protected":false},"excerpt":{"rendered":"<p>Framtidsutsikterna f\u00f6r v\u00e4rldsekonomin och den egna verksamheten. Vi befinner oss i en tid d\u00e5 det r\u00e5der os\u00e4kerhet om ekonomisk utveckling och tillv\u00e4xt. Hur ser f\u00f6retagsledarna p\u00e5 det ekonomiska l\u00e4get fram\u00f6ver? 72 procent av de svenska vd:arna \u00e4r pessimistiska i sin syn p\u00e5 v\u00e4rldsekonomins utveckling. Samtidigt \u00e4r det lika m\u00e5nga av de svenska f\u00f6retagsledarna som ser [&hellip;]<\/p>\n","protected":false},"author":3,"featured_media":0,"parent":0,"menu_order":0,"comment_status":"closed","ping_status":"closed","template":"","meta":{"_acf_changed":false,"_et_pb_use_builder":"on","_et_pb_old_content":"","_et_gb_content_width":"","om_disable_all_campaigns":false,"footnotes":""},"class_list":["post-1446","page","type-page","status-publish","hentry"],"acf":[],"aioseo_notices":[],"yoast_head":"<!-- This site is optimized with the Yoast SEO plugin v27.5 - https:\/\/yoast.com\/product\/yoast-seo-wordpress\/ -->\n<title>Business Leaders - Revisionskonsulterna J H\u00e4gglund EN<\/title>\n<meta name=\"robots\" content=\"index, follow, max-snippet:-1, max-image-preview:large, max-video-preview:-1\" \/>\n<link rel=\"canonical\" href=\"https:\/\/en.rkjh.se\/en\/business-leaders\/\" \/>\n<meta property=\"og:locale\" content=\"en_US\" \/>\n<meta property=\"og:type\" content=\"article\" \/>\n<meta property=\"og:title\" content=\"Business Leaders - Revisionskonsulterna J H\u00e4gglund EN\" \/>\n<meta property=\"og:description\" content=\"Framtidsutsikterna f\u00f6r v\u00e4rldsekonomin och den egna verksamheten. Vi befinner oss i en tid d\u00e5 det r\u00e5der os\u00e4kerhet om ekonomisk utveckling och tillv\u00e4xt. Hur ser f\u00f6retagsledarna p\u00e5 det ekonomiska l\u00e4get fram\u00f6ver? 72 procent av de svenska vd:arna \u00e4r pessimistiska i sin syn p\u00e5 v\u00e4rldsekonomins utveckling. Samtidigt \u00e4r det lika m\u00e5nga av de svenska f\u00f6retagsledarna som ser [&hellip;]\" \/>\n<meta property=\"og:url\" content=\"https:\/\/en.rkjh.se\/en\/business-leaders\/\" \/>\n<meta property=\"og:site_name\" content=\"Revisionskonsulterna J H\u00e4gglund EN\" \/>\n<meta property=\"article:modified_time\" content=\"2021-03-01T15:52:11+00:00\" \/>\n<meta name=\"twitter:card\" content=\"summary_large_image\" \/>\n<meta name=\"twitter:label1\" content=\"Est. reading time\" \/>\n\t<meta name=\"twitter:data1\" content=\"3 minutes\" \/>\n<script type=\"application\/ld+json\" class=\"yoast-schema-graph\">{\"@context\":\"https:\\\/\\\/schema.org\",\"@graph\":[{\"@type\":\"WebPage\",\"@id\":\"https:\\\/\\\/en.rkjh.se\\\/en\\\/business-leaders\\\/\",\"url\":\"https:\\\/\\\/en.rkjh.se\\\/en\\\/business-leaders\\\/\",\"name\":\"Business Leaders - Revisionskonsulterna J H\u00e4gglund EN\",\"isPartOf\":{\"@id\":\"https:\\\/\\\/rkjh.se\\\/en\\\/#website\"},\"datePublished\":\"2021-03-01T15:48:27+00:00\",\"dateModified\":\"2021-03-01T15:52:11+00:00\",\"inLanguage\":\"en-US\",\"potentialAction\":[{\"@type\":\"ReadAction\",\"target\":[\"https:\\\/\\\/en.rkjh.se\\\/en\\\/business-leaders\\\/\"]}]},{\"@type\":\"WebSite\",\"@id\":\"https:\\\/\\\/rkjh.se\\\/en\\\/#website\",\"url\":\"https:\\\/\\\/rkjh.se\\\/en\\\/\",\"name\":\"Revisionskonsulterna J H\u00e4gglund EN\",\"description\":\"&quot;Engagemanget g\u00f6r skillnaden&quot;\",\"potentialAction\":[{\"@type\":\"SearchAction\",\"target\":{\"@type\":\"EntryPoint\",\"urlTemplate\":\"https:\\\/\\\/rkjh.se\\\/en\\\/?s={search_term_string}\"},\"query-input\":{\"@type\":\"PropertyValueSpecification\",\"valueRequired\":true,\"valueName\":\"search_term_string\"}}],\"inLanguage\":\"en-US\"}]}<\/script>\n<!-- \/ Yoast SEO plugin. -->","yoast_head_json":{"title":"Business Leaders - Revisionskonsulterna J H\u00e4gglund EN","robots":{"index":"index","follow":"follow","max-snippet":"max-snippet:-1","max-image-preview":"max-image-preview:large","max-video-preview":"max-video-preview:-1"},"canonical":"https:\/\/en.rkjh.se\/en\/business-leaders\/","og_locale":"en_US","og_type":"article","og_title":"Business Leaders - Revisionskonsulterna J H\u00e4gglund EN","og_description":"Framtidsutsikterna f\u00f6r v\u00e4rldsekonomin och den egna verksamheten. Vi befinner oss i en tid d\u00e5 det r\u00e5der os\u00e4kerhet om ekonomisk utveckling och tillv\u00e4xt. Hur ser f\u00f6retagsledarna p\u00e5 det ekonomiska l\u00e4get fram\u00f6ver? 72 procent av de svenska vd:arna \u00e4r pessimistiska i sin syn p\u00e5 v\u00e4rldsekonomins utveckling. Samtidigt \u00e4r det lika m\u00e5nga av de svenska f\u00f6retagsledarna som ser [&hellip;]","og_url":"https:\/\/en.rkjh.se\/en\/business-leaders\/","og_site_name":"Revisionskonsulterna J H\u00e4gglund EN","article_modified_time":"2021-03-01T15:52:11+00:00","twitter_card":"summary_large_image","twitter_misc":{"Est. reading time":"3 minutes"},"schema":{"@context":"https:\/\/schema.org","@graph":[{"@type":"WebPage","@id":"https:\/\/en.rkjh.se\/en\/business-leaders\/","url":"https:\/\/en.rkjh.se\/en\/business-leaders\/","name":"Business Leaders - Revisionskonsulterna J H\u00e4gglund EN","isPartOf":{"@id":"https:\/\/rkjh.se\/en\/#website"},"datePublished":"2021-03-01T15:48:27+00:00","dateModified":"2021-03-01T15:52:11+00:00","inLanguage":"en-US","potentialAction":[{"@type":"ReadAction","target":["https:\/\/en.rkjh.se\/en\/business-leaders\/"]}]},{"@type":"WebSite","@id":"https:\/\/rkjh.se\/en\/#website","url":"https:\/\/rkjh.se\/en\/","name":"Revisionskonsulterna J H\u00e4gglund EN","description":"&quot;Engagemanget g\u00f6r skillnaden&quot;","potentialAction":[{"@type":"SearchAction","target":{"@type":"EntryPoint","urlTemplate":"https:\/\/rkjh.se\/en\/?s={search_term_string}"},"query-input":{"@type":"PropertyValueSpecification","valueRequired":true,"valueName":"search_term_string"}}],"inLanguage":"en-US"}]}},"_links":{"self":[{"href":"https:\/\/rkjh.se\/en\/wp-json\/wp\/v2\/pages\/1446","targetHints":{"allow":["GET"]}}],"collection":[{"href":"https:\/\/rkjh.se\/en\/wp-json\/wp\/v2\/pages"}],"about":[{"href":"https:\/\/rkjh.se\/en\/wp-json\/wp\/v2\/types\/page"}],"author":[{"embeddable":true,"href":"https:\/\/rkjh.se\/en\/wp-json\/wp\/v2\/users\/3"}],"replies":[{"embeddable":true,"href":"https:\/\/rkjh.se\/en\/wp-json\/wp\/v2\/comments?post=1446"}],"version-history":[{"count":4,"href":"https:\/\/rkjh.se\/en\/wp-json\/wp\/v2\/pages\/1446\/revisions"}],"predecessor-version":[{"id":1451,"href":"https:\/\/rkjh.se\/en\/wp-json\/wp\/v2\/pages\/1446\/revisions\/1451"}],"wp:attachment":[{"href":"https:\/\/rkjh.se\/en\/wp-json\/wp\/v2\/media?parent=1446"}],"curies":[{"name":"wp","href":"https:\/\/api.w.org\/{rel}","templated":true}]}}

<p>[et_pb_section fb_built=&#8221;1&#8243; fullwidth=&#8221;on&#8221; _builder_version=&#8221;4.7.3&#8243; _module_preset=&#8221;default&#8221; custom_margin=&#8221;0px||0px||false|false&#8221; custom_padding=&#8221;0px||0px||false|false&#8221;][et_pb_fullwidth_image src=&#8221;https://rkjh.se/en/wp-content/uploads/sites/2/2021/02/kkkkkk-1.jpg&#8221; title_text=&#8221;kkkkkk&#8221; _builder_version=&#8221;4.9.0&#8243; _module_preset=&#8221;default&#8221; custom_margin=&#8221;0px||0px||false|false&#8221; custom_padding=&#8221;0px||0px||false|false&#8221;][/et_pb_fullwidth_image][/et_pb_section][et_pb_section fb_built=&#8221;1&#8243; admin_label=&#8221;Ingress&#8221; _builder_version=&#8221;4.7.3&#8243; _module_preset=&#8221;default&#8221; background_enable_color=&#8221;off&#8221; custom_margin=&#8221;0px||0px||false|false&#8221; custom_padding=&#8221;0px||0px||false|false&#8221;][et_pb_row _builder_version=&#8221;4.7.3&#8243; _module_preset=&#8221;default&#8221; background_color=&#8221;#E52B38&#8243; width=&#8221;100%&#8221; max_width=&#8221;100%&#8221;][et_pb_column type=&#8221;4_4&#8243; _builder_version=&#8221;4.7.3&#8243; _module_preset=&#8221;default&#8221;][et_pb_blurb title=&#8221;Business Leaders about the Future&#8221; content_max_width=&#8221;80%&#8221; _builder_version=&#8221;4.9.0&#8243; _module_preset=&#8221;default&#8221; header_level=&#8221;h1&#8243; header_text_align=&#8221;center&#8221; header_text_color=&#8221;#ffffff&#8221; header_font_size=&#8221;44px&#8221; body_text_align=&#8221;center&#8221; body_text_color=&#8221;#ffffff&#8221; body_font_size=&#8221;18px&#8221; background_enable_color=&#8221;off&#8221; max_width=&#8221;1080px&#8221; custom_margin=&#8221;|auto||auto|false|false&#8221; hover_enabled=&#8221;0&#8243; sticky_enabled=&#8221;0&#8243;][/et_pb_blurb][/et_pb_column][/et_pb_row][/et_pb_section][et_pb_section fb_built=&#8221;1&#8243; _builder_version=&#8221;4.9.0&#8243; background_color=&#8221;#cccccc&#8221;][et_pb_row column_structure=&#8221;1_2,1_2&#8243; _builder_version=&#8221;4.9.0&#8243; background_enable_color=&#8221;off&#8221; background_size=&#8221;initial&#8221; background_position=&#8221;top_left&#8221; background_repeat=&#8221;repeat&#8221;][et_pb_column type=&#8221;1_2&#8243; _builder_version=&#8221;3.25&#8243; custom_padding=&#8221;|||&#8221; custom_padding__hover=&#8221;|||&#8221;][et_pb_image src=&#8221;https://rkjh.se/en/wp-content/uploads/sites/2/2021/02/shutterstock_1165928134.jpg&#8221; title_text=&#8221;shutterstock_1165928134&#8243; force_fullwidth=&#8221;on&#8221; _builder_version=&#8221;4.9.0&#8243; _module_preset=&#8221;default&#8221;][/et_pb_image][/et_pb_column][et_pb_column type=&#8221;1_2&#8243; _builder_version=&#8221;3.25&#8243; custom_padding=&#8221;|||&#8221; custom_padding__hover=&#8221;|||&#8221;][et_pb_text _builder_version=&#8221;4.9.0&#8243; _module_preset=&#8221;default&#8221; custom_padding=&#8221;15px||20px||false|false&#8221; link_option_url=&#8221;https://rkjh.se/en/event/&#8221;]</p>
<p><strong>Framtidsutsikterna för världsekonomin och den egna verksamheten.</strong></p>
<p>Vi befinner oss i en tid då det råder osäkerhet om ekonomisk utveckling och tillväxt. Hur ser företagsledarna på det ekonomiska läget framöver? 72 procent av de svenska vd:arna är pessimistiska i sin syn på världsekonomins utveckling. Samtidigt är det lika många av de svenska företagsledarna som ser ökade intäkter i det egna bolaget under det kommande året.</p>
<p>[/et_pb_text][/et_pb_column][/et_pb_row][/et_pb_section][et_pb_section fb_built=&#8221;1&#8243; _builder_version=&#8221;4.9.0&#8243; background_enable_color=&#8221;off&#8221;][et_pb_row column_structure=&#8221;1_2,1_2&#8243; _builder_version=&#8221;4.9.0&#8243; background_enable_color=&#8221;off&#8221; background_size=&#8221;initial&#8221; background_position=&#8221;top_left&#8221; background_repeat=&#8221;repeat&#8221;][et_pb_column type=&#8221;1_2&#8243; _builder_version=&#8221;3.25&#8243; custom_padding=&#8221;|||&#8221; custom_padding__hover=&#8221;|||&#8221;][et_pb_text _builder_version=&#8221;4.9.0&#8243; _module_preset=&#8221;default&#8221; custom_padding=&#8221;15px||20px||false|false&#8221; link_option_url=&#8221;https://rkjh.se/en/event/&#8221;]</p>
<p><strong>Tillväxtresan- mer nära än fjärran</strong></p>
<p>Verksamhetsutveckling hamnar i fokus när företagsledarna anger de viktigaste aktiviteterna för tillväxt. När det gäller nyanställningar är svenska  företagsledare mer försiktiga än kollegor i andra länder. 30 procent signalerar en ökning av antalet medarbetare under det kommade året, vilket kan jämföras med det globala snittet på 49 procent. </p>
<p>&nbsp;</p>
<p>[/et_pb_text][/et_pb_column][et_pb_column type=&#8221;1_2&#8243; _builder_version=&#8221;3.25&#8243; custom_padding=&#8221;|||&#8221; custom_padding__hover=&#8221;|||&#8221;][et_pb_image src=&#8221;https://rkjh.se/en/wp-content/uploads/sites/2/2021/02/AdobeStock_204070496-800&#215;533-1.jpeg&#8221; title_text=&#8221;AdobeStock_204070496-800&#215;533&#8243; force_fullwidth=&#8221;on&#8221; _builder_version=&#8221;4.9.0&#8243; _module_preset=&#8221;default&#8221;][/et_pb_image][/et_pb_column][/et_pb_row][/et_pb_section]</p>

<p>Framtidsutsikterna för världsekonomin och den egna verksamheten. Vi befinner oss i en tid då det råder osäkerhet om ekonomisk utveckling och tillväxt. Hur ser företagsledarna på det ekonomiska läget framöver? 72 procent av de svenska vd:arna är pessimistiska i sin syn på världsekonomins utveckling. Samtidigt är det lika många av de svenska företagsledarna som ser [&hellip;]</p>

<!-- This site is optimized with the Yoast SEO plugin v27.5 - https://yoast.com/product/yoast-seo-wordpress/ -->
<title>Business Leaders - Revisionskonsulterna J Hägglund EN</title>
<meta name="robots" content="index, follow, max-snippet:-1, max-image-preview:large, max-video-preview:-1" />
<link rel="canonical" href="https://en.rkjh.se/en/business-leaders/" />
<meta property="og:locale" content="en_US" />
<meta property="og:type" content="article" />
<meta property="og:title" content="Business Leaders - Revisionskonsulterna J Hägglund EN" />
<meta property="og:description" content="Framtidsutsikterna för världsekonomin och den egna verksamheten. Vi befinner oss i en tid då det råder osäkerhet om ekonomisk utveckling och tillväxt. Hur ser företagsledarna på det ekonomiska läget framöver? 72 procent av de svenska vd:arna är pessimistiska i sin syn på världsekonomins utveckling. Samtidigt är det lika många av de svenska företagsledarna som ser [&hellip;]" />
<meta property="og:url" content="https://en.rkjh.se/en/business-leaders/" />
<meta property="og:site_name" content="Revisionskonsulterna J Hägglund EN" />
<meta property="article:modified_time" content="2021-03-01T15:52:11+00:00" />
<meta name="twitter:card" content="summary_large_image" />
<meta name="twitter:label1" content="Est. reading time" />
	<meta name="twitter:data1" content="3 minutes" />
<script type="application/ld+json" class="yoast-schema-graph">{"@context":"https:\/\/schema.org","@graph":[{"@type":"WebPage","@id":"https:\/\/en.rkjh.se\/en\/business-leaders\/","url":"https:\/\/en.rkjh.se\/en\/business-leaders\/","name":"Business Leaders - Revisionskonsulterna J Hägglund EN","isPartOf":{"@id":"https:\/\/rkjh.se\/en\/#website"},"datePublished":"2021-03-01T15:48:27+00:00","dateModified":"2021-03-01T15:52:11+00:00","inLanguage":"en-US","potentialAction":[{"@type":"ReadAction","target":["https:\/\/en.rkjh.se\/en\/business-leaders\/"]}]},{"@type":"WebSite","@id":"https:\/\/rkjh.se\/en\/#website","url":"https:\/\/rkjh.se\/en\/","name":"Revisionskonsulterna J Hägglund EN","description":"&quot;Engagemanget gör skillnaden&quot;","potentialAction":[{"@type":"SearchAction","target":{"@type":"EntryPoint","urlTemplate":"https:\/\/rkjh.se\/en\/?s={search_term_string}"},"query-input":{"@type":"PropertyValueSpecification","valueRequired":true,"valueName":"search_term_string"}}],"inLanguage":"en-US"}]}</script>
<!-- / Yoast SEO plugin. -->

Business Leaders - Revisionskonsulterna J Hägglund EN

Framtidsutsikterna för världsekonomin och den egna verksamheten. Vi befinner oss i en tid då det råder osäkerhet om ekonomisk utveckling och tillväxt. Hur ser företagsledarna på det ekonomiska läget framöver? 72 procent av de svenska vd:arna är pessimistiska i sin syn på världsekonomins utveckling. Samtidigt är det lika många av de svenska företagsledarna som ser [&hellip;]

Revisionskonsulterna J Hägglund EN

&quot;Engagemanget gör skillnaden&quot;
